at is the tens digit of (53 - 11) + (5 - t)?
4
Suppose 18 = 4*p + 10. Let k(n) = 26*n + 4. What is the units digit of k(p)?
6
Suppose 19*g - 19 = -95. Let u be -8*1/((-4)/(-10)). Let i = g - u. What is the tens digit of i?
1
Let y(u) = 21*u + 2. Let z(x) = 62*x + 7. Let g(t) = 8*y(t) - 3*z(t). What is the tens digit of g(-5)?
8
Let u be 4/3*(3 - (1 - 4)). Suppose 7*y - u*y + 74 = 0. What is the units digit of y?
4
Let p(y) be the third derivative of y**5/60 - y**4/12 - 5*y**3/2 + 24*y**2. Suppose 2 = h + 9. What is the tens digit of p(h)?
4
Let r = 123 - -688. What is the units digit of r?
1
What is the tens digit of (-1 - (1 - 3)) + 1155/7?
6
Suppose -6*n + 12167 + 2809 = 0. What is the hundreds digit of n?
4
Let v(f) = 3*f**2 + f + 292. What is the hundreds digit of v(0)?
2
Let p(z) = -z + 11 - 3*z**2 + 2*z**2 - 7. Let c be p(0). Suppose -c*o + 16 = 0, -5*b + 0*b + 48 = 2*o. What is the units digit of b?
8
Suppose 8*j - 9417 + 2441 = 0. What is the tens digit of j?
7
Let y(x) = 4*x**3 - 12*x**2 - 6*x + 11. Let q(s) = -s**3 + s**2 + s. Let p(t) = 6*q(t) + y(t). What is the units digit of p(-4)?
3
What is the hundreds digit of (-126805)/(-77) + (-16)/(-88)?
6
Suppose 0 = -2*k + 19 + 23. What is the tens digit of (-40 + 4)*k/(-12)?
6
Suppose 7 + 1 = -4*x, 5*p + 2*x = 636. Suppose -4*z + 436 = p. What is the units digit of 4*(2 + -3) + z?
3
Let g(l) = 7*l**2 + 6*l + 148. What is the tens digit of g(17)?
7
Suppose 5*i = 2*i - 9. What is the units digit of (12/8 + i)/((-2)/100)?
5
Suppose -21 + 27 = -x. What is the tens digit of (-5)/(15/x) + 43?
4
Suppose -13*d = -16*d + 15. What is the units digit of -2 + 0 + 485/d?
5
Suppose 6*i = 4*i + 340. What is the tens digit of 3 + i/(-3 + 8)?
3
Let u = 2606 + -634. What is the tens digit of u?
7
Let l(t) = -t**3 - 7*t**2 - t - 2. Suppose -4*k + 28 = -8*k. Let u be l(k). Suppose -14 = -u*g + 4*j + 91, 4*g - 48 = -4*j. What is the tens digit of g?
1
Let r(k) = -552*k + 96. What is the thousands digit of r(-3)?
1
Suppose 5*i = 163*k - 165*k + 3443, 2*i = -3*k + 1386. What is the units digit of i?
7
Let t(l) = 5 - 12*l**2 - 4*l**2 - 2*l**2 - l**3 + 10*l. What is the units digit of t(-19)?
6
Let k(d) = 6*d**2 - 12*d + 7. Let o(u) = -1. Let s(m) = k(m) - 3*o(m). Let x be s(4). Suppose r + x = 2*r. What is the units digit of r?
8
Suppose -24 = -4*b + 32. Let c be (10/35)/(1/b). Suppose -5*l + 6*l - c = 0. What is the units digit of l?
4
Let r(h) = 9 + 4*h + 43 - 5*h. Let k = -86 + 86. What is the tens digit of r(k)?
5
Suppose -4*w = 10 - 18. Suppose 100 = w*t - 5*s - 50, -3*s = 6. What is the units digit of t?
0
Let p = 53 + -18. Let s = 54 - p. What is the tens digit of s?
1
Suppose 3*c - 5*l = 10, -4*c - l = 4*l + 10. Suppose c*k - 62 = -2*k. Let g = 60 - k. What is the tens digit of g?
2
Let q(g) = 13*g - 3. Suppose -8 = m - 3*m. What is the units digit of q(m)?
9
Let q(k) = k**2 - 6*k + 3. Let t be q(5). Let r = 36 + -18. What is the units digit of (-1)/t + 441/r?
5
Let y = -9 - -9. Suppose 2*u = -y*u + 3*d + 16, -5*d = -u + 22. Suppose -u*h = -h - 11. What is the tens digit of h?
1
Suppose 6 = 4*l - l. Suppose -3*r + 1 = h - l*r, 2*h - 5 = r. Suppose 3*n - 4 - h = 0. What is the units digit of n?
2
Let f = 617 - 306. What is the tens digit of f?
1
Let o be (-5 - -26) + (0 - 2). Let n = 18 - o. What is the tens digit of (-29)/(-2) + n/2?
1
Let z(g) = g**3 - 25*g**2 - 83*g - 27. Let t be z(28). Let i(q) = 40*q**3 - q + 16*q**3 + 0*q. What is the tens digit of i(t)?
5
Suppose -110*q - 2215 = -115*q. What is the units digit of q?
3
Let m(d) = -d**3 + 30*d**2 + 60*d + 80. What is the tens digit of m(28)?
2
What is the units digit of 571 + 2 - (3 + 7)/(-2)?
8
Suppose -8 = 5*j - 7*j. Let d be -3 - (-2 + j + -6). What is the tens digit of (-224)/(-8) - (-3)/d?
3
Let n(b) = -b**3 - 9*b**2 - 9*b + 9. What is the units digit of n(-12)?
9
Let o be (-13 - -12)*(-189 + 0). Let q = o - 113. What is the units digit of q?
6
Suppose 14942 = 11*w + 5042. What is the units digit of w?
0
Let u(y) = y**3 - 2*y**2 - 3*y. Let k be u(-2). Let v(f) = -24*f + 15*f + 14 + 8*f. What is the units digit of v(k)?
4
Let x(y) = -4*y + 10. Let t be x(5). Let u(k) = -3*k + 20. What is the units digit of u(t)?
0
Suppose -2*b + 1509 = 5*t, -245 = -t - b + 58. What is the tens digit of t?
0
Suppose 19*r - 2142 = 12*r. What is the tens digit of r?
0
Suppose -569 = 4*c - 3513. What is the tens digit of c?
3
Let t be (2/5)/(14/(-70)). What is the units digit of 15/(-20)*98*t?
7
Let u be (-1300)/(-20) + (-1 - -3). Let a = u - -15. What is the units digit of a?
2
Let z(y) = 8*y + 45. Let r be z(21). Suppose f + r = 4*f. What is the tens digit of f?
7
What is the units digit of 3535/21 + (-4)/3?
7
Let v = 786 - 95. What is the hundreds digit of v?
6
Suppose -2*z + 10 = 0, -z + 225 = 2*j + 34. Let t = 236 - j. What is the tens digit of t?
4
Suppose -2*b - 47 = 29. What is the units digit of b/(-4)*(5 + -3)?
9
Suppose 4 = 3*o + 2*b, -o - o - 3*b = -1. Suppose 5*q + 3*x = 14, o*q + 2 = q + x. What is the units digit of q?
1
Suppose -2696 = -6*x - 548. What is the hundreds digit of x?
3
Let q(v) = v**2 - 11*v + 20. Let b be q(9). Suppose -2*c = 3*n + 2*c - 22, -c + 8 = b*n. What is the units digit of n?
2
Let u be 12/4 + (-560 - 2)*-1. Suppose -u = -12*j + 239. What is the units digit of j?
7
Suppose -12*p + 304 = -8*p - 2*g, 0 = 4*p + 4*g - 292. What is the units digit of p?
5
Suppose 19 = -4*n - 2*i + 57, -48 = -3*n + 5*i. Let w = -9 + n. Suppose 2*v - 7 = w*z - 3, 3*v - 3 = 4*z. What is the units digit of v?
5
Let p be 96/10 - (-4)/10. Let g be (-54)/(-15) - ((-24)/(-20))/(-3). What is the tens digit of 2 - g - (-4 - p)?
1
Suppose -a = 4*h - 2869, a - 8 = -7. What is the units digit of h?
7
Let g be 1/((-5)/(-6))*255. Let a(b) = 7*b. Let u be a(1). Suppose -h - g = -u*h. What is the tens digit of h?
5
Let n be (1 - 1) + (-7 - -15). Suppose n = s - 2*x, 5*x = -5*s + 2*x + 14. Suppose 24 = s*o + 2*k + 2*k, 0 = -o - 2*k + 8. What is the units digit of o?
4
Suppose 5*v + 0*v = 2*d - 22, 0 = 3*d + 3*v + 9. Let y(b) be the first derivative of 2*b**2 + b + 40. What is the units digit of y(d)?
5
Let k = 140 + -137. Suppose 399 = 4*j + b - 489, 0 = -k*b. What is the tens digit of j?
2
Let g(b) be the first derivative of 5*b**2 + 5*b - 11. What is the tens digit of g(5)?
5
Let u(q) = 328*q + 63. What is the thousands digit of u(12)?
3
Suppose -11*j + 1002 = -5433. What is the tens digit of j?
8
Let h = 51 - 37. Let x(o) = o**2 - 6*o - 19. What is the tens digit of x(h)?
9
Let s be (0 + 171)/((-6)/(-4)). Suppose -2*j - s = -2*b, 3*j = -5*b - j + 312. What is the tens digit of b?
6
Let o(b) be the first derivative of 19*b**3/3 - b**2/2 - b - 2. Suppose 2*v + 4 = 0, -3*v + 0 = -h + 5. What is the tens digit of o(h)?
1
Suppose -10*x - 70 = -15*x. Suppose -12*y - 10 = -x*y. Suppose -y*z = 17 - 292. What is the tens digit of z?
5
What is the units digit of -8*(586/(-10) - (-2)/(-5))?
2
Let h(l) = 3*l**2 - 12*l + 12. What is the hundreds digit of h(12)?
3
Suppose -q + 293 = 2*c, -2*c + 4*c - 1481 = -5*q. What is the tens digit of q?
9
Suppose 14*q - 1372 = 10*q. What is the tens digit of q?
4
Suppose -5*t - 26 = -6, 108 = -5*n - 2*t. Let m = -20 - n. Suppose m = -4*a + 20 + 76. What is the tens digit of a?
2
Suppose 0 = 5*h - 10*h + 10. Let c(x) = 4*x**3 + 3*x**2 - x - 2. What is the tens digit of c(h)?
4
Suppose 6 = -3*x, 4*c - 2*x + 81 = 1733. What is the hundreds digit of c?
4
Suppose -31*a + 36*a = 890. Suppose -a = -2*k + 4*p, 5*k + 0*k = p + 436. What is the tens digit of k?
8
What is the tens digit of (-19840)/(-36) + 4/(-36)?
5
Suppose -5*n - r = 8, n - 5*n - 16 = -4*r. Let a be (-9)/(-18)*(-12)/n. Suppose -2*c - 2*z + 165 = a*c, 0 = 4*z + 20. What is the tens digit of c?
3
Let r(v) = -5*v**2 - 2*v + 3. Let a(j) = -3*j**2. Let z(h) = -4*a(h) + r(h). Let f(k) = -k**3 - 6*k**2 + 2. Let o be f(-6). What is the tens digit of z(o)?
2
Let b be (1 - -2 - 5) + 7. Let i(o) = -6 + 4 + b - 2*o - o. What is the units digit of i(-12)?
9
Suppose -31*c + 35*c - 3316 = 0. What is the units digit of c?
9
Let y = -8 + 10. What is the units digit of y + 10/(-5) - (-86 - -1)?
5
Let o = 303 + 122. What is the tens digit of o?
2
Suppose 3*y = 2*y + 19. Suppose -3*o - 10 = -o. 